Let h(m) = -3*m**2 + 18*m + 166. Determine h(-5).
1
Let u(r) = -34*r**2 + 148*r - 43. Determine u(4).
5
Let q(u) = 39*u**2 + 2134*u - 606. What is q(-55)?
-1
Let l(h) = -h**3 - 31*h**2 - 62*h - 100. What is l(-29)?
16
Let w(t) = -28*t - 108. Give w(-6).
60
Let u(y) = 1405*y - 4213. Give u(3).
2
Let g(x) = 5*x**2 + 5*x - 427. Give g(9).
23
Let y(t) = -13*t**2 - 247*t - 57. What is y(-19)?
-57
Let h(k) = -10*k**2 - 989*k + 90. Determine h(-99).
-9
Let c(p) = -239*p - 4010. What is c(-17)?
53
Let n(g) = -g**2 - 14*g + 212. Give n(-20).
92
Let k(z) = z**3 - 11*z**2 - 255*z + 2653. What is k(10)?
3
Let f(i) = 9*i**2 - 412*i + 1431. Give f(42).
3
Let o(g) = 5*g**2 - 33*g - 80. Give o(-2).
6
Let f(y) = -2*y**2 + 41*y - 336. Determine f(11).
-127
Let r(k) = -k**3 + 113*k**2 + 5*k - 578. Determine r(113).
-13
Let u(s) = -s**3 - 3*s**2 - 2*s - 70. Give u(0).
-70
Let b(h) = -h**3 + 11*h**2 - 25*h + 145. Give b(10).
-5
Let l(i) = 2*i**2 - 162*i - 1013. What is l(87)?
31
Let t(j) = -j**2 + 17*j + 173. Calculate t(26).
-61
Let r(h) = -4*h**2 - 48*h - 319. Calculate r(-10).
-239
Let u(s) = -s**3 + 17*s**2 + 473*s + 219. Determine u(32).
-5
Let q(y) = -5*y**2 - 14*y + 122. Give q(4).
-14
Let l(x) = x**3 - 14*x**2 - 72*x + 853. Calculate l(15).
-2
Let p(o) = -o**3 + 47*o**2 - 282*o + 26. Give p(7).
12
Let g(h) = -h**3 - 8*h**2 + 2*h - 49. Calculate g(-7).
-112
Let a(b) = 226*b**2 + 524*b - 523. What is a(1)?
227
Let k(o) = -17*o**2 - 175*o - 192. What is k(-9)?
6
Let h(o) = 18*o**3 + 14*o**2 + 10*o + 5. What is h(-3)?
-385
Let q(f) = -f**3 + 17*f**2 + 37*f + 17. Give q(19).
-2
Let k(y) = -84*y + 6440. Give k(76).
56
Let h(w) = 2*w**3 + 5*w**2 - 18*w - 69. Determine h(-3).
-24
Let u(y) = -17*y - 41. Calculate u(5).
-126
Let v(i) = i**3 + 61*i**2 - 123*i + 94. Calculate v(-63).
-95
Let d(i) = i**3 - 10*i**2 + 20*i - 29. What is d(10)?
171
Let w(q) = q**3 + 11*q**2 + 9*q - 71. Give w(-11).
-170
Let c(t) = -t**3 - 44*t**2 - 32*t + 484. Give c(-43).
11
Let j(z) = 5766*z + 40362. Give j(-7).
0
Let l(j) = j**2 - 6*j - 27. Determine l(6).
-27
Let f(d) = d**3 + 5*d**2 - 35*d + 2. What is f(-9)?
-7
Let t(y) = -y**2 - 2*y + 17. Give t(19).
-382
Let u(k) = k**2 - 191*k + 8856. Determine u(79).
8
Let n(j) = -j**3 + 32*j**2 + 321*j + 8. What is n(-8)?
0
Let t(u) = -396*u + 11835. Determine t(30).
-45
Let k(y) = 110*y - 1396. Determine k(13).
34
Let p(v) = 2*v**2 + 46*v + 192. Give p(-21).
108
Let r(j) = -124*j + 3336. What is r(27)?
-12
Let o(k) = -k**3 + 2*k**2 - 4*k - 7. Calculate o(3).
-28
Let q(r) = r**2 + 14*r - 1946. Give q(-51).
-59
Let i(l) = -4*l**3 - 31*l**2 + 6*l + 33. Determine i(-8).
49
Let u(l) = 2*l**3 - 8*l**2 - 76*l + 297. Determine u(5).
-33
Let d(r) = -161*r - 1397. Determine d(-8).
-109
Let g(o) = -2*o**2 - 33*o - 9. Determine g(-17).
-26
Let a(s) = -3*s**2 + 96*s + 661. Determine a(-6).
-23
Let x(b) = -b**2 + 79*b + 102. What is x(80)?
22
Let q(f) = -49*f - 2395. What is q(-49)?
6
Let q(w) = 75*w + 633. Determine q(-9).
-42
Let h(z) = z**3 + 29*z**2 + 38*z + 277. Determine h(-28).
-3
Let m(q) = 2*q**2 - 2*q + 38. Determine m(12).
302
Let g(y) = -65*y + 144. Give g(4).
-116
Let d(n) = -n**3 + 6*n**2 - 23*n + 60. Calculate d(6).
-78
Let y(l) = l**3 + 16*l**2 + 255*l + 2490. Determine y(-12).
6
Let l(g) = g**3 - 327*g**2 + 11*g - 3598. Give l(327).
-1
Let p(y) = 31*y + 57. Determine p(2).
119
Let l(r) = r**2 - 957*r - 15570. What is l(-16)?
-2
Let a(l) = l**3 + 4*l**2 - 587*l + 1155. Calculate a(2).
5
Let a(d) = d**2 - 110*d + 1095. What is a(99)?
6
Let p(f) = -16*f**2 - 202*f + 13. Give p(-13).
-65
Let l(z) = -z**3 - 28*z**2 - 192*z + 71. What is l(-14)?
15
Let v(y) = 543*y + 4347. Determine v(-8).
3
Let b(t) = 491*t + 15701. Determine b(-32).
-11
Let a(s) = -4*s**2 - 48*s + 434. Determine a(-18).
2
Let v(b) = 3*b**3 + 42*b**2 - 5*b - 75. What is v(-14)?
-5
Let g(c) = -37*c**2 + 229*c - 9. What is g(6)?
33
Let d(w) = -w**2 - 215*w + 1103. What is d(5)?
3
Let g(k) = -218*k**3 + 4*k**2 + 7*k - 8. Determine g(1).
-215
Let p(u) = -u**3 - 53*u**2 - 51*u + 196. Determine p(-52).
144
Let l(q) = -q**3 + 21*q**2 - 99*q + 3. Give l(14).
-11
Let m(h) = -37*h**2 + 169*h - 78. Determine m(4).
6
Let c(v) = 18*v + 2901. Calculate c(-161).
3
Let p(m) = -2*m**3 + 2*m**2 - 2*m + 3. Calculate p(1).
1
Let i(p) = 349*p - 4529. Calculate i(13).
8
Let h(o) = 11*o**2 + 122*o + 46. What is h(-11)?
35
Let k(w) = 116*w - 1822. What is k(16)?
34
Let f(d) = -3*d**3 + 5*d**2 - 10*d - 8. Calculate f(-4).
304
Let r(s) = s**2 - 213*s + 1631. Give r(8).
-9
Let z(f) = 73*f**2 + f - 18. Calculate z(0).
-18
Let o(t) = 4*t**2 - 47*t + 130. Give o(3).
25
Let n(u) = -260*u + 1040. Calculate n(4).
0
Let p(s) = -s**3 + 28*s**2 - 198*s - 4. Determine p(12).
-76
Let u(h) = -h**2 - 9*h + 1708. Calculate u(37).
6
Let m(i) = -7*i**2 + 5*i - 2. What is m(-2)?
-40
Let m(j) = -j**2 + 72*j + 458. Determine m(-6).
-10
Let h(c) = -c**3 + 15*c**2 - 31*c + 58. What is h(13)?
-7
Let f(j) = -j**3 + 12*j**2 + 6*j - 37. Determine f(11).
150
Let p(a) = -a**3 - 17*a**2 - 49*a + 4. What is p(-12)?
-128
Let j(b) = 3*b**3 + 4*b**2 - 20*b + 18. Give j(1).
5
Let b(z) = 5*z - 295. Calculate b(16).
-215
Let q(p) = 4*p**2 + 69*p - 141. What is q(-18)?
-87
Let h(a) = -3*a - 150. Calculate h(5).
-165
Let j(r) = 526*r + 5341. What is j(-10)?
81
Let o(t) = 174*t**2 - 14*t + 10. Give o(1).
170
Let r(b) = b**2 - 38*b + 294. Calculate r(25).
-31
Let b(n) = n**2 - 652*n + 33375. Calculate b(56).
-1
Let b(c) = c**2 + 44*c + 425. What is b(-30)?
5
Let m(l) = -251*l + 762. Determine m(3).
9
Let d(b) = -240*b - 14672. Give d(-61).
-32
Let h(b) = b**2 - 74*b + 288. Calculate h(68).
-120
Let k(p) = 696*p + 3908. What is k(-6)?
-268
Let y(f) = f**3 + 36*f**2 - 78*f - 123. Calculate y(-38).
-47
Let q(r) = -4*r**3 + 12*r**2 + 142*r - 437. Give q(3).
-11
Let d(y) = 231*y - 1750. Calculate d(11).
791
Let a(g) = -334*g - 6649. Determine a(-20).
31
Let g(q) = 1241*q - 7442. Calculate g(6).
4
Let t(m) = -14*m**2 - 1564*m + 445. Determine t(-112).
-3
Let a(u) = -6*u**3 - 67*u**2 - 12*u + 18. Determine a(-11).
29
Let l(i) = -8*i**2 + 1403*i + 2798. Give l(-2).
-40
Let w(g) = -201*g + 3808. Determine w(21).
-413
Let a(n) = -n**3 - 2*n**2 - 64*n - 122. Give a(-2).
6
Let p(s) = -5*s + 361. Give p(80).
-39
Let g(c) = -2*c**3 - 16*c**2 + 44*c + 417. Determine g(-7).
11
Let k(p) = -1503*p - 1523. What is k(-1)?
-20
Let k(d) = -2*d**2 + 26*d + 15. What is k(6)?
99
Let j(h) = -h**3 + 23*h**2 - 59*h - 10. What is j(20)?
10
Let v(b) = -b**3 + 47*b**2 - 47*b - 6. Determine v(46).
-52
Let l(m) = m**3 + 2*m**2 - 25*m + 47. Calculate l(-7).
-23
Let f(r) = 5*r**3 - 28*r**2 - 29*r + 102. Determine f(6).
0
Let x(u) = 6*u**3 - 86*u**2 - 60*u - 31. Determine x(15).
-31
Let v(w) = w**3 - w**2 - 5*w - 10. What is v(0)?
-10
Let h(s) = -1223*s + 12237. Calculate h(10).
7
Let l(d) = 38*d**2 + 219*d - 2. Calculate l(-3).
-317
Let s(f) = -7*f**3 - 56*f**2 + 2*f + 75. Determine s(-8).
59
Let z(q) = -375*q + 16875. Calculate z(45).
0
Let i(r) = -r**2 + 21*r + 294. Determine i(30).
24
Let a(k) = -1539*k + 7713. What is a(5)?
18
Let p(d) = -2*d**2 - 40*d - 167. Determine p(-11).
31
Let b(p) = -p**2 + 40*p - 14. What is b(31)?
265
Let o(h) = -h**3 - 14*h**2 - 25*h + 39. Give o(-12).
51
Let c(s) = -53*s + 298. Calculate c(3).
139
Let f(x) = x**2 + 226*x + 3536. Calculate f(-18).
-208
Let j(i) = -190*i - 3157. Calculate j(-17).
73
Let t(d) = -d**3 - 87*d**2 + 189*d + 972. Determine t(-89).
-7
Let l(z) = 2*z**3 - 22*z**2 - 32*z + 117. Determine l(12).
21
Let y(w) = -2*w**2 + 70*w - 320. What is y(38)?
-548
Let g(o) = 64*o - 7556. Calculate g(118).
-4
Let d(q) = 186*q - 576. Determine d(3).
-18
Let f(a) = -7*a**2 - 68*a + 17. Determine f(-11).
-82
Let h(i) = i**2 + 276*i + 4872. Determine h(-19).
-11
Let o(p) = -97*p - 201. Determine o(-4).
187
Let o(i) = -i**3 - 108*i**2 + 318*i - 6. Calculate o(3).
-51
Let x(l) = l**2 - 13*l - 422. Determine x(-15).
-2
Let b(o) = 432*o - 6935. Give b(16).
-23
Let a(o) = 40*o + 342. Give a(-12).
-138
Let t(a) = 29*a + 364. Determine t(-14).
-42
Let h(i) = 3*i**3 - 125*i**2 - 48*i + 104. Give h(42).
-148
Let j(a) = -a**3 - 23*a**2 + 4*a + 100. Give j(-23).
8
Let z(k) = -2*k**2 + 4*k + 32. Determine z(5).
2
Let r(i) = -52*i + 4715. Give r(91).